{"id":30,"date":"2014-10-24T14:33:42","date_gmt":"2014-10-24T12:33:42","guid":{"rendered":"http:\/\/sophiejacobsen.de\/?page_id=30"},"modified":"2014-10-29T03:21:25","modified_gmt":"2014-10-29T01:21:25","slug":"ueber-uns","status":"publish","type":"page","link":"https:\/\/sophiejacobsen.de\/?page_id=30","title":{"rendered":"\u00dcber uns"},"content":{"rendered":"<p><strong>\u201eEinst waren wir Rebellen, zertr\u00fcmmerten Imperien und heizten der herrschenden Klasse m\u00e4chtig ein. Mittlerweile sind wir dick und rund und harren der Dinge, die da so kommen.\u201c<\/strong><\/p>\n<p>Es\u00a0 war\u00a0 nicht nur das Erinnern an die goldenen Zeiten unserer Schulzeit, die uns bewog am 6.9.1994 die Sophie-Jacobsen-Gesellschaft \u2013 Ehemalige und Freunde der Theodor-Storm-Schule zu Husum e.V. zu\u00a0 gr\u00fcnden. Oder gar die Liebe\u00a0 zu langen und undurchsichtigen Namen. Auch das numerische Herumspielen mit der 6 und der 9 lie\u00df ja einige Gl\u00fcckshormone flie\u00dfen.Wirklich wichtig erschien uns aber, da\u00df wir\u00a0 mit diesem Verein eine Verbindung zur Schule\u00a0 herstellen w\u00fcrden. \u00dcber ihn hofften wir nicht nur den Kontakt der Ehemaligen untereinander zu verbessern, sondern auch die Schule auf ihrem Weg zu\u00a0 begleiten. Fast ein Jahrzehnt haben wir schlie\u00dflich alle auf ihr\u00a0 verbracht, haben geliebt und geha\u00dft, gelitten und gelacht. In einer f\u00fcr die pers\u00f6nliche Entwicklung wichtigen Phase wurden wir von ihr gepr\u00e4gt oder versuchten unseren Teil zu ihrem Sein beizutragen. Und die meisten von uns lassen gerne noch mal die Vergangenheit aufleben.Die Menschen, die uns begegnet sind, die Geschichten, die wir erlebten und die Aktionen, die der Verein veranstaltet, finden sich in unserer Ehemaligenschrift und von 2000 bis 2013 im offiziellen Jahrbuch wieder.<br \/>\nWir vergeben Preise f\u00fcr Engagement im Musikzweig, Kunst und Deutsch und sollten sich mal unsere Finanzen verbessern, werden noch einige hinzukommen. Die Ehemaligen bekommen einmal im Jahr beim Hans-Peter-Hansen-Cup ihr gro\u00dfes Happening. Wer will kann sich mit einer Jahrgangsmannschaft\u00a0 bei diesem Fu\u00dfballturnier beteiligen und alle Ger\u00fcchte von unsportlichen Bierb\u00e4uchen ad absurdum f\u00fchren. Gleichzeitig gibt es ein Cafe und andere tolle Attraktionen, die das Ganze eben eher in ein gro\u00dfes, gem\u00fctliches Ehemaligentreffen verwandeln. Und immerhin ist dieser Tag des Wiedersehen das zweitgr\u00f6\u00dfte Turnier seiner Art in Deutschland.\u00a0Interessierte schauen einfach am 26.12. mal in die Sporthallen der TSS. Rein Fu\u00dfballbegeisterte finden sich auch jeden Sonntag um 16.00 Uhr\u00a0 auf\u00a0 dem Sportplatz der TSS wieder. Hier kickern Ehemalige und Sch\u00fcler, des Spa\u00dfes wegen ein wenig herum.<br \/>\nAlle zwei Jahre d\u00fcrfen dann unsportliche und sportliche ehemalige und aktuelle Musiker im Speicher die B\u00fchne betreten und von alten Zeiten schw\u00e4rmen oder neue entflammen.<\/p>\n<p>Vielleicht ist das alles noch nicht genug, aber wir sind gerne f\u00fcr neue Ideen offen und arbeiten selbst immer an daran.<\/p>\n","protected":false},"excerpt":{"rendered":"<p>\u201eEinst waren wir Rebellen, zertr\u00fcmmerten Imperien und heizten der herrschenden Klasse m\u00e4chtig ein. Mittlerweile sind wir dick und rund und harren der Dinge, die da so kommen.\u201c Es\u00a0 war\u00a0 nicht nur das Erinnern an die goldenen Zeiten unserer Schulzeit, die uns bewog am 6.9.1994 die Sophie-Jacobsen-Gesellschaft \u2013 Ehemalige und Freunde der Theodor-Storm-Schule zu Husum e.V&#8230;.<\/p>\n","protected":false},"author":1,"featured_media":0,"parent":0,"menu_order":0,"comment_status":"closed","ping_status":"open","template":"","meta":{"jetpack_post_was_ever_published":false,"footnotes":""},"class_list":["post-30","page","type-page","status-publish","hentry"],"jetpack_sharing_enabled":true,"jetpack_shortlink":"https:\/\/wp.me\/P8RYTk-u","_links":{"self":[{"href":"https:\/\/sophiejacobsen.de\/index.php?rest_route=\/wp\/v2\/pages\/30","targetHints":{"allow":["GET"]}}],"collection":[{"href":"https:\/\/sophiejacobsen.de\/index.php?rest_route=\/wp\/v2\/pages"}],"about":[{"href":"https:\/\/sophiejacobsen.de\/index.php?rest_route=\/wp\/v2\/types\/page"}],"author":[{"embeddable":true,"href":"https:\/\/sophiejacobsen.de\/index.php?rest_route=\/wp\/v2\/users\/1"}],"replies":[{"embeddable":true,"href":"https:\/\/sophiejacobsen.de\/index.php?rest_route=%2Fwp%2Fv2%2Fcomments&post=30"}],"version-history":[{"count":5,"href":"https:\/\/sophiejacobsen.de\/index.php?rest_route=\/wp\/v2\/pages\/30\/revisions"}],"predecessor-version":[{"id":122,"href":"https:\/\/sophiejacobsen.de\/index.php?rest_route=\/wp\/v2\/pages\/30\/revisions\/122"}],"wp:attachment":[{"href":"https:\/\/sophiejacobsen.de\/index.php?rest_route=%2Fwp%2Fv2%2Fmedia&parent=30"}],"curies":[{"name":"wp","href":"https:\/\/api.w.org\/{rel}","templated":true}]}}