{"id":44,"date":"2014-10-24T14:36:57","date_gmt":"2014-10-24T12:36:57","guid":{"rendered":"http:\/\/sophiejacobsen.de\/?page_id=44"},"modified":"2014-10-28T18:15:04","modified_gmt":"2014-10-28T16:15:04","slug":"preise","status":"publish","type":"page","link":"https:\/\/sophiejacobsen.de\/?page_id=44","title":{"rendered":"Preise"},"content":{"rendered":"<p><strong>F\u00fcr Engagement im Musikzweig<\/strong><br \/>\nGesa Bochen (2013)<br \/>\nOliver H\u00f6tker &amp; Jonas Nahnsen (2012)<br \/>\nGreta Schenk &amp; Johanna Sch\u00f6ckel (2011)<br \/>\nHenning Kr\u00fcger &amp; Jan Erik Peters (2010)<br \/>\nAnne Petersen (2009)<br \/>\nLea Borchert (2008)<\/p>\n<p><strong>Otto-Ehlers-Preis (Kunst)<\/strong><br \/>\nEelena Reckweg &amp; Stephanie B\u00fclter (2013)<br \/>\nEnrico Siefert, Maria-Sara Kock &amp; Julia Weilnb\u00f6ck (2011)<br \/>\nDuisburg-Projekt\u00a0&#8211;\u00a0Grundkurs Kunst 13 (2010)<br \/>\nJulia Lehmann (2009)<br \/>\nJanina Kob (2008)<\/p>\n<p><strong>Siegfried-Schubert-Preis (Deutsch)<\/strong><br \/>\nMaya Patent (2011)<br \/>\nKerstin Rieger, Veronika Nothdurft, Anne Hansen (2000)<br \/>\nStefan Gubatz, Florian Lau, Martin Schultz (1999)<br \/>\nHelen Stauffer (1998)<\/p>\n","protected":false},"excerpt":{"rendered":"<p>F\u00fcr Engagement im Musikzweig Gesa Bochen (2013) Oliver H\u00f6tker &amp; Jonas Nahnsen (2012) Greta Schenk &amp; Johanna Sch\u00f6ckel (2011) Henning Kr\u00fcger &amp; Jan Erik Peters (2010) Anne Petersen (2009) Lea Borchert (2008) Otto-Ehlers-Preis (Kunst) Eelena Reckweg &amp; Stephanie B\u00fclter (2013) Enrico Siefert, Maria-Sara Kock &amp; Julia Weilnb\u00f6ck (2011) Duisburg-Projekt\u00a0&#8211;\u00a0Grundkurs Kunst 13 (2010) Julia Lehmann (2009)&#8230;<\/p>\n","protected":false},"author":1,"featured_media":0,"parent":0,"menu_order":0,"comment_status":"closed","ping_status":"open","template":"","meta":{"jetpack_post_was_ever_published":false,"footnotes":""},"class_list":["post-44","page","type-page","status-publish","hentry"],"jetpack_sharing_enabled":true,"jetpack_shortlink":"https:\/\/wp.me\/P8RYTk-I","_links":{"self":[{"href":"https:\/\/sophiejacobsen.de\/index.php?rest_route=\/wp\/v2\/pages\/44","targetHints":{"allow":["GET"]}}],"collection":[{"href":"https:\/\/sophiejacobsen.de\/index.php?rest_route=\/wp\/v2\/pages"}],"about":[{"href":"https:\/\/sophiejacobsen.de\/index.php?rest_route=\/wp\/v2\/types\/page"}],"author":[{"embeddable":true,"href":"https:\/\/sophiejacobsen.de\/index.php?rest_route=\/wp\/v2\/users\/1"}],"replies":[{"embeddable":true,"href":"https:\/\/sophiejacobsen.de\/index.php?rest_route=%2Fwp%2Fv2%2Fcomments&post=44"}],"version-history":[{"count":5,"href":"https:\/\/sophiejacobsen.de\/index.php?rest_route=\/wp\/v2\/pages\/44\/revisions"}],"predecessor-version":[{"id":108,"href":"https:\/\/sophiejacobsen.de\/index.php?rest_route=\/wp\/v2\/pages\/44\/revisions\/108"}],"wp:attachment":[{"href":"https:\/\/sophiejacobsen.de\/index.php?rest_route=%2Fwp%2Fv2%2Fmedia&parent=44"}],"curies":[{"name":"wp","href":"https:\/\/api.w.org\/{rel}","templated":true}]}}